e -1 + (-3)/((-6)/(-112)). Let a = f - -101. Calculate the remainder when a is divided by 23.
21
Let r = -21 - -47. Calculate the remainder when 74 is divided by r.
22
What is the remainder when ((-66)/(-4) + 0)*(-16)/(-6) is divided by 12?
8
Let g be 14 + ((-12)/2)/(-2). Let m = g - 4. What is the remainder when m is divided by 4?
1
Let c = 60 + -34. Calculate the remainder when c is divided by 11.
4
Let k(p) = 9*p**2 + 3*p + 6. What is the remainder when k(-3) is divided by 20?
18
Suppose -13 + 1 = -4*o. Calculate the remainder when -4*3/(-24)*6 is divided by o.
0
What is the remainder when 149 is divided by 1 + (10 + -4 - -10)?
13
Let n = 9 - 6. Suppose -n*c + 54 = -5*c + 2*r, -c = -3*r + 27. Calculate the remainder when (-2)/(-9) + (-1074)/c is divided by 14.
12
Suppose 8*l - 7*l = 48. Suppose -3*t + l = -0*t. What is the remainder when t is divided by 6?
4
Let c be (-366)/(-10) + 21/(-35). Calculate the remainder when 17 is divided by (c/(-27))/((-2)/9).
5
Suppose -2*s - 2*h = -38, -7*h = 2*s - 3*h - 48. What is the remainder when 39 is divided by s?
11
Let b = -61 - -114. Calculate the remainder when b is divided by 21.
11
Let z(l) = l**3 + 5*l**2 + 3*l - 1. What is the remainder when z(-3) is divided by 38/7 - (-9)/(-21)?
3
Let p(i) = -137*i. Let t be p(1). Let q = t + 192. Calculate the remainder when q is divided by 14.
13
Let u(i) = 37*i + 3. Let j be ((-4)/(-6))/((-4)/12). Let m be u(j). Let b = -30 - m. Calculate the remainder when b is divided by 14.
13
What is the remainder when 5/(-15)*-71*(0 + 3) is divided by 8?
7
Let w = 5 + -5. Suppose w = 5*a - 11 - 19. Suppose 0 = 3*g - 48 + a. What is the remainder when g is divided by 5?
4
Suppose 90 = d + d. Suppose -d = -f - 4*f. Suppose 74 = 3*o + a, a = o + 4*o - 134. Calculate the remainder when o is divided by f.
8
Suppose 0*q - 24 = -q - 4*i, -q + 40 = -4*i. Calculate the remainder when q is divided by 18.
14
Suppose -3*a = -0*a + 141. Let b = 81 + a. What is the remainder when b is divided by 12?
10
Let a be 15 + -1 + 0 + 2. Suppose -2*m - 5*p = -4, -p + a = -5*p. Calculate the remainder when 37 is divided by (-39)/m*(-4 + 0).
11
Suppose w - 51 = a, 3*w - 6*w - a = -141. Calculate the remainder when w is divided by 10.
8
Let g(w) = -w**3 - 3*w**2 + 4. Calculate the remainder when (0 - -1)/(((-15)/55)/(-3)) is divided by g(-3).
3
Suppose 2 = -0*c - c - g, -3*g - 15 = 0. Let d = -1 + 2. Calculate the remainder when c is divided by 2 + 1 + d + -2.
1
Suppose 0 = 2*l + 9 - 19. What is the remainder when l is divided by 3?
2
Let g(s) = s**2 + 6*s + 11. Calculate the remainder when g(-10) is divided by 26.
25
Suppose 4*h - 51 = -4*b + 3*h, 0 = 4*b - 3*h - 39. Calculate the remainder when (-1)/(-6)*124 + 8/6 is divided by b.
10
Let m(t) = 7*t - 3. Suppose -3*g + 0*g = 9. Let s be 30/25*(-10)/g. Calculate the remainder when m(s) is divided by 14.
11
Suppose -5*o + 41 = -24. Suppose 0 = 3*n - 41 - 34. What is the remainder when n is divided by o?
12
Let x = -57 + 101. What is the remainder when x is divided by 15?
14
Suppose 0*b - 5*b = -20. Let p = 0 + b. Suppose 7*h - 78 = p*h. What is the remainder when h is divided by 14?
12
Calculate the remainder when 10/15 + (-57)/(-9) is divided by 5.
2
Calculate the remainder when 53 is divided by 29 - (1 + -3 - -3).
25
Let p = -52 - -59. What is the remainder when 62 is divided by p?
6
Suppose -2*b + 209 = 5*a - 167, 2*b + 3*a - 380 = 0. Let d = b - 134. Calculate the remainder when d is divided by 31.
28
Suppose -4*j + j = -21. Calculate the remainder when 9 is divided by j.
2
Suppose -4*x = -7 - 85. Calculate the remainder when 36 is divided by x.
13
Let o(x) = -x**3 - x + 11. Let j be o(0). Suppose -25 = -j*q + 6*q. Calculate the remainder when q is divided by 2.
1
Calculate the remainder when 62 is divided by 4*(8/(-80))/(2/(-165)).
29
Let p(n) = -2*n**2 - 2*n. Let o be p(2). What is the remainder when (-44)/10*(-4 - 1) is divided by 16/o*9/(-1)?
10
Suppose 2*g - g = 3. Suppose 2*l = 2*i + g*i + 45, l = 4*i + 24. Calculate the remainder when l is divided by 7/2*1*2.
6
Let m be 2/3*-3 + -36. Let x = 85 + m. Suppose -x = t - 2*t. Calculate the remainder when t is divided by 16.
15
Suppose -2*b - 1 + 5 = 0. Suppose -3*i - v + 16 = 6, -5*i + 2*v + 35 = 0. Calculate the remainder when b/(-5) - (-168)/20 is divided by i.
3
Calculate the remainder when 10432/960 + -4*(-2)/60 is divided by (7 - 3)/(2/2).
3
Suppose 3 = -0*z - z. Let q be (6/(-4))/(z/(-4)). What is the remainder when 25/1 - (-2 - q) is divided by 13?
12
Let y(o) = 14*o - 12. Calculate the remainder when y(6) is divided by 39.
33
What is the remainder when (-1922)/(-14) + 231/49 + -5 is divided by 28?
25
Let b(j) = -j**2 + 12*j - 15. Let k be b(10). Suppose 12 = -4*w + k*w. What is the remainder when 22 is divided by w?
10
Let t(n) = n**2 + 4*n - 13. What is the remainder when t(11) is divided by 22?
20
Let w(o) be the first derivative of -10*o**2 - o - 3. Let l be w(-2). Let f = l + -10. What is the remainder when f is divided by 10?
9
Let x be 176/18 - (-6)/27. Suppose -l = l - x. Calculate the remainder when l is divided by 3.
2
Let o(l) be the third derivative of -l**6/60 - l**5/30 + l**4/12 + l**3/2 - l**2. Calculate the remainder when (-32)/(-6)*210/56 is divided by o(-2).
6
Suppose -145 = -10*x + 175. What is the remainder when x is divided by 9?
5
Suppose 3*t + 5 = 4*s, 5 = 4*s - 15. Calculate the remainder when 14 is divided by t.
4
Suppose t + 10 = v - 12, -5*t - 35 = -2*v. What is the remainder when 47 is divided by v?
22
Let q(v) be the third derivative of -v**5/60 + 11*v**4/24 - 4*v**3/3 - 4*v**2. What is the remainder when (0 + -45)/((-3)/2) is divided by q(8)?
14
Suppose 5 = -9*b + 10*b. What is the remainder when b is divided by 1?
0
Suppose 11*t - 405 = 8*t. Suppose -1 = 2*g + 5, -5*g = -3*d + t. Calculate the remainder when d is divided by 14.
12
Suppose o = -2*w + 15, 0 = 4*o + 2*w + 2*w - 68. Calculate the remainder when 75 is divided by o.
18
Suppose 4*v = -3*q + 7*q - 44, 2*v = q - 14. What is the remainder when 23 is divided by q?
7
Let m(q) be the second derivative of q - 1/6*q**3 + 0 + 0*q**4 + 14*q**2 - 1/20*q**5. Calculate the remainder when m(0) is divided by 10.
8
Suppose j - 3 = 0, -4*p + 57 = -p + 3*j. Calculate the remainder when 79 is divided by p.
15
Let j = -1 - -5. Suppose c + 120 = 5*c - j*w, 2*w = 5*c - 141. Calculate the remainder when c is divided by 10.
7
Let y = -6 + 12. Calculate the remainder when 10 is divided by y.
4
Suppose 0 = 4*m + 2*j + 3 - 1, -2*m = -2*j + 4. Let y = 4 + m. Suppose -2*n + y*n = 10. What is the remainder when 28 is divided by n?
8
Let c = 137 + -132. Calculate the remainder when 21 is divided by c.
1
Let f = 1 - -23. What is the remainder when f is divided by 13?
11
Calculate the remainder when ((-5)/3)/(16/(-288)) is divided by 11.
8
Suppose -3 - 13 = -4*v. Let y(d) = -3*d - d + 4*d**2 - d**2 + 2. Calculate the remainder when y(2) is divided by v.
2
Let z be -4 + (-2 - -2)*1. Let r be (16/(-6))/z*-3. What is the remainder when 18/3 + -2 - r is divided by 4?
2
Let c(h) = -2*h**2 + 1. Let i be c(1). Let b = -21 - -31. Calculate the remainder when b is divided by i/1*1*-6.
4
Suppose 15*d - 13 = 14*d. What is the remainder when 33 is divided by d?
7
Let r(d) = d. Let h(w) = -15*w - 2. Let i(u) = h(u) + 3*r(u). Let o = -3 + 11. What is the remainder when i(-2) is divided by o?
6
Suppose -8*u = -4*u - 5*s + 17, 2*s - 14 = -2*u. Suppose 0*g + u*g - 10 = 0. Suppose g*q = 2*q + 66. What is the remainder when q is divided by 12?
10
Let t(c) = -c**2 - 8*c + 37. Calculate the remainder when 18 is divided by t(-11).
2
Suppose -3*i = 3*j - 6*i - 69, 5*j = -5*i + 145. What is the remainder when 93 is divided by j?
15
Let p = 113 - 70. Let y = p + -18. What is the remainder when y is divided by 2/6 + 52/6?
7
Let j = 1 - -5. What is the remainder when 32 is divided by (-31)/(-3) - (-4)/j?
10
Suppose 2*g + z - 5 = 0, -5*z = g - 4*z - 3. Suppose 5*w + m - 42 = 0, -32 - 1 = -g*w + 5*m. Calculate the remainder when w is divided by 6.
3
Let v = -76 + 101. Calculate the remainder when 71 is divided by v.
21
Let f(x) = x**2 - 11*x + 12. Let h be f(9). Calculate the remainder when 17 is divided by (7 - 1)/(-5 - h).
5
Suppose -16*g + 12 = -